be b(-7). Let k = -3 - l. What is the remainder when z(k) is divided by 5?
3
Suppose 0 = -p - 3*s + 3, -14 = -3*p - 4*s - 0*s. Calculate the remainder when 43 is divided by (3/p)/((-3)/(-90)).
13
Let s = 1 + -1. Suppose u = -4, 3*i = -s*i - 5*u + 67. Suppose -5*v + 2*q = -26 - 41, 3*v - q - 41 = 0. What is the remainder when i is divided by v?
14
Suppose -3*o + 3*s = -5*o - 13, 3*o - 23 = 4*s. Calculate the remainder when 1 is divided by o.
0
Let n(c) = -c**2 - 7*c - 9. Let o be n(-6). What is the remainder when 5 is divided by 2/(o/((-27)/6))?
2
Suppose j - 6 = -5*m, -4*m + 0*m + 135 = 5*j. Let z(b) = -2*b. Calculate the remainder when j is divided by z(-4).
7
Let y be (-3 - -7) + 0/(-2). Suppose 3*z - y = -3*f - 2*f, z - 3*f + 8 = 0. Calculate the remainder when ((-6)/(-4))/((-1)/z) is divided by 2.
1
Let x be -2 + (-7)/((-3)/3). Suppose 4*p - 256 = -4*u, 4*u - 3*u - 60 = -x*p. Suppose 4*k = 103 + u. What is the remainder when k is divided by 22?
20
Suppose 3*l - 8*l + 35 = 0. Suppose -3*t - 65 = -8*t. Calculate the remainder when t is divided by l.
6
Suppose -72 = -4*h - 4*b, -b - 4*b = -5*h + 130. Calculate the remainder when h is divided by 10.
2
Suppose 3*i + i + 2*m = -102, 15 = -i - 4*m. Let j = i - -39. Calculate the remainder when 35 is divided by j.
11
Let d(n) = -5*n - 4. Let p(f) = 4*f + 4. Let z(j) = 5*d(j) + 6*p(j). Calculate the remainder when 1 is divided by z(3).
0
Suppose 2*a = 2, -a + 33 = 6*r - 2*r. Let n be -4 - (4 - -4)/(-1). Calculate the remainder when (-1)/n - (-93)/4 is divided by r.
7
Let b(v) = -v**3 - v**2 + v + 12. What is the remainder when b(0) is divided by 7?
5
Let j be -1 - 8 - 4/(-2). Calculate the remainder when 10/(-2)*2/(-5) is divided by 2/(7/(j/(-2))).
0
Let u = -20 - -39. What is the remainder when u is divided by 7?
5
Let s(o) = 11*o**2 - 2*o + 3. What is the remainder when s(1) is divided by 11?
1
Let t be 3/12 - (-57)/12. Let c(m) = -m**2 + 5*m + 3. Let k be c(t). Suppose -k*n + 24 = -0*n. Calculate the remainder when 23 is divided by n.
7
Let a = -84 + 122. Calculate the remainder when a is divided by 8.
6
Let n(l) = -l**2 + 5*l - 3 + 3*l + 3*l. Let q(x) = -x**2 + 11*x + 10. Let y be q(11). What is the remainder when 12 is divided by n(y)?
5
Let h be (-4)/(-4*1 + 2). Let m(z) = -3*z**2 - z - 1. Let j be m(h). Calculate the remainder when j/2*96/(-30) is divided by 13.
11
Let j(g) = 7*g**2 + 2*g - 4. Let h(k) = -20*k**2 - 5*k + 11. Let f(t) = -3*h(t) - 8*j(t). Let x = 16 - 14. Calculate the remainder when 24 is divided by f(x).
11
Let i(z) = 2*z + 5. Calculate the remainder when 26 is divided by i(2).
8
Suppose -3*a - p - 4*p = 4, -a = 2*p + 2. Let z = -3 + a. What is the remainder when z + 0/(-2) + 22 is divided by 11?
10
Let f = -7 + -17. Let k be f + 3 - (-3 + 0). Calculate the remainder when 17 is divided by (k/4)/(-3)*4.
5
Let h(v) = -2*v - 2. Let m be h(-2). Suppose 6*n - m*o = 3*n + 66, 0 = 3*n - o - 69. Calculate the remainder when n is divided by 9.
6
Suppose 34 = -4*t - 22. Let r = t + 42. What is the remainder when r is divided by 15?
13
Let r(l) = -2*l - 2. What is the remainder when 2*17 + 1 - 0 is divided by r(-7)?
11
Let a = 106 - 68. Calculate the remainder when a is divided by 23.
15
Suppose 16 = -470*x + 474*x. Suppose 18 = 4*y - 2. Calculate the remainder when y is divided by x.
1
Suppose -b - 14 = -2*g, 12 = 2*g + 3*b - 5*b. What is the remainder when g is divided by 5?
3
Let u be 1 - -1*32 - 0. Suppose u = 4*y - 11. What is the remainder when 42 is divided by y?
9
Suppose -2*w + 11*w - 81 = 0. What is the remainder when 34 is divided by w?
7
Suppose -3*o - 75 = -234. What is the remainder when o is divided by 14?
11
Let t = -3 - -6. Suppose 4*n - t*n + 20 = 0. Let j = -12 - n. What is the remainder when 15 is divided by j?
7
Let s(u) = 8*u - 1. Let c(n) = 8*n - 2. Let y(g) = 4*c(g) - 3*s(g). Let m be y(7). Let o = -15 + m. Calculate the remainder when o is divided by 19.
17
Suppose -5*g + 366 = -154. Calculate the remainder when g is divided by 21.
20
Suppose -36*r + 44*r - 464 = 0. What is the remainder when r is divided by 20?
18
Suppose t - 12 = -m, 4*m = t + 3*t + 8. Calculate the remainder when -2*((-130)/4)/5 is divided by m.
6
Let z(w) = -4*w - 2. Let s(g) = -14*g**2 + g. Let y be s(2). Let c be y/10 + 6/(-10). What is the remainder when z(c) is divided by 12?
10
Let i = -45 + 83. Calculate the remainder when 111 is divided by i.
35
What is the remainder when 140 is divided by (-5)/(-1) + (12 - 6)?
8
Let u = 8 + -2. What is the remainder when 25 is divided by (u/(-2))/(6/(-18))?
7
Suppose -5*x = -5*d - 40, 3*d = -8*x + 3*x. Let v = d + 21. Suppose 3*k - 1 - 5 = -2*j, 4*j = 5*k + 34. What is the remainder when v is divided by j?
4
Let h be 10/(-25) - (-4)/10. Suppose h*k - 4*k + 412 = 0. Calculate the remainder when k is divided by 21.
19
Let q = -11 - -22. What is the remainder when q is divided by 2?
1
Let f = -11 - -21. Calculate the remainder when 18 is divided by f.
8
Let a(m) = 54*m**2 - m + 1. Let j be a(1). Let q be (-1)/(-1) - j/(-9). Suppose 3*x = q*x - 212. Calculate the remainder when x is divided by 18.
17
Let j be 2/((-3)/(15/2)). Let u(k) = k + 7. Let m(p) = -2*p - 20. Let g(h) = -5*m(h) - 14*u(h). Calculate the remainder when g(j) is divided by 12.
10
Let l(v) = -3*v. What is the remainder when 7 is divided by l(-1)?
1
Let f(m) = 2*m**3 - 6*m**2 - 3*m - 1. Let p(t) = t**3 + t**2 + 1. Let s(k) = -f(k) + p(k). What is the remainder when 67 is divided by s(7)?
21
Suppose -7 = 5*j - 12. Let b = j - -9. What is the remainder when 19 is divided by b?
9
Suppose -f + 0*f + 22 = 4*h, h - 4*f = 14. Let o = -4 + h. What is the remainder when 7 is divided by 6 + (-2 - -1)*o?
3
Let b(q) = -q**3 + 5*q**2 + 5*q + 5. Let y be b(5). Let w = y - 16. Calculate the remainder when 54 is divided by w.
12
What is the remainder when 5 + 105 - (3 + -2) is divided by 19?
14
Suppose 2*q + 5 = 29. Calculate the remainder when 46 is divided by q.
10
Let r be (-8)/(-1) - 4/(-2). Let b be 20/8*8/r. What is the remainder when 4 is divided by 4 - ((-6)/b)/(-3)?
1
Suppose 2*y = 6*y - 404. Let l = y + -70. What is the remainder when l is divided by 11?
9
Let b(r) = r**2 + 4*r + 9. What is the remainder when b(-4) is divided by 3?
0
Let j(o) = o**2 + 2*o - 1. What is the remainder when 13 is divided by j(-4)?
6
Suppose 5*s - 11 = -h + 34, 2*h - 20 = 4*s. Let u = h + -11. Calculate the remainder when u is divided by 6.
3
Let d be 1/(-3) + 21/9. Suppose k = d*k - 9. Calculate the remainder when 15 is divided by k.
6
Suppose 5*g - 26 = -4*n, -2*n + g + 9 = 3. Suppose -112 = -n*w + 4*h - h, -5*h - 84 = -3*w. Let x = 11 + -1. Calculate the remainder when w is divided by x.
8
Let m(r) = r**3 + 17*r**2 - r + 3. What is the remainder when 77 is divided by m(-17)?
17
Suppose 5*b + 18 = -4*u + 78, 2*u + 36 = 3*b. Calculate the remainder when 35 is divided by b.
11
Let m = 5 - 0. Suppose 7 = 4*f - m, -z - 46 = -3*f. Let q = 63 + z. Calculate the remainder when q is divided by 14.
12
Let d be ((-4)/3)/(4/(-6)). Suppose 4*i - 5*z - 93 = 0, 22 - 8 = 2*i + 4*z. Calculate the remainder when (0 - d) + 70/2 is divided by i.
16
Suppose 0 = -3*g + g + 20. Suppose -2*b + 4 = -b. What is the remainder when g is divided by b?
2
Suppose 0 = v - 2*t - 33, -2*t - 29 = -v - t. What is the remainder when v is divided by 15?
10
Let o = 195 - 184. Calculate the remainder when 1/(-4) - (-154)/8 is divided by o.
8
Let k(u) = -2*u**3 - 2*u**2 - 2*u - 1. Let o be k(-1). Let z be 2/(-1 - o) - 3. What is the remainder when 22 is divided by -24*(10/z - -2)?
10
Let x be 1/(1*(-2)/(-4)). Suppose 3 = x*m - 3*m, -2*r + m = -9. Suppose 3*a = 3*h, 2*h - h - 2*a = -r. What is the remainder when h is divided by 2?
1
Suppose 4*d - 26 = 26. Let p(a) = 8*a - 7. What is the remainder when p(4) is divided by d?
12
Let w = -2 + 4. Suppose -2 = -5*n - 2*o + 4, 5*n - 18 = 4*o. Suppose s = -n + 3. Calculate the remainder when w is divided by s.
0
Let g(w) = -w + 4. Suppose -j = -0*j + 3. Calculate the remainder when 13 is divided by g(j).
6
Let n(y) = -y + 15. What is the remainder when n(-11) is divided by 9?
8
What is the remainder when ((-2)/2)/(((-14)/(-80))/(-7)) is divided by 14?
12
Let v(u) = -14*u - 30. Calculate the remainder when